{"id":43,"date":"2024-07-24T14:40:24","date_gmt":"2024-07-24T12:40:24","guid":{"rendered":"https:\/\/eridan.ovh\/?page_id=43"},"modified":"2024-08-09T14:51:41","modified_gmt":"2024-08-09T12:51:41","slug":"presentation","status":"publish","type":"page","link":"https:\/\/eridan.ovh\/index.php\/presentation\/","title":{"rendered":"Pr\u00e9sentation"},"content":{"rendered":"\n<div class=\"wp-block-group is-layout-constrained wp-block-group-is-layout-constrained\">\n<figure class=\"wp-block-image aligncenter size-full is-resized\"><img loading=\"lazy\" decoding=\"async\" width=\"607\" height=\"544\" src=\"http:\/\/eridan.ovh\/wp-content\/uploads\/2024\/07\/Logo4-simple.jpg\" alt=\"\" class=\"wp-image-12\" style=\"width:295px;height:auto\" srcset=\"https:\/\/eridan.ovh\/wp-content\/uploads\/2024\/07\/Logo4-simple.jpg 607w, https:\/\/eridan.ovh\/wp-content\/uploads\/2024\/07\/Logo4-simple-300x269.jpg 300w\" sizes=\"auto, (max-width: 607px) 100vw, 607px\" \/><\/figure>\n\n\n\n<h2 class=\"wp-block-heading has-text-align-center has-primary-color has-text-color has-link-color wp-elements-4b77cc1378ee1a84d80c95fa844442ba\"><strong>Bienvenue chez Eridan <\/strong><\/h2>\n<\/div>\n\n\n\n<div style=\"height:45px\" aria-hidden=\"true\" class=\"wp-block-spacer\"><\/div>\n\n\n<p class=\"has-text-align-center has-text-align-center\" style=\"text-align: justify;\">Chez Eridan, nous croyons en la puissance de l\u2019\u00e9ducation et de la cr\u00e9ativit\u00e9 pour se d\u00e9velopper et grandir collectivement. Notre mission est d&rsquo;inspirer et d&rsquo;\u00e9duquer, en offrant les outils et les opportunit\u00e9s n\u00e9cessaires pour r\u00e9v\u00e9ler le plein potentiel de chacun. Nous sommes convaincus que chaque individu poss\u00e8de en lui une \u00e9tincelle unique, et notre r\u00f4le est de l&rsquo;aider \u00e0 briller de tout son \u00e9clat. En combinant savoir, innovation et beaut\u00e9, nous cr\u00e9ons un environnement o\u00f9 chaque id\u00e9e peut fleurir et chaque talent peut s\u2019\u00e9panouir.<\/p>\n\n\n<div style=\"height:20px\" aria-hidden=\"true\" class=\"wp-block-spacer\"><\/div>\n\n\n\n<p class=\"has-primary-color has-text-color has-link-color wp-elements-0c9052db5c9db19bc5327fc92d3b2c53\"><strong>Ce que nous proposons :<\/strong><\/p>\n\n\n\n<p style=\"text-align: justify;\">Eridan est une entreprise multidisciplinaire d\u00e9di\u00e9e \u00e0 l&rsquo;\u00e9ducation, la cr\u00e9ativit\u00e9 et l\u2019inspiration. Nous offrons un \u00e9ventail d&rsquo;activit\u00e9s vari\u00e9es, con\u00e7ues pour r\u00e9pondre aux besoins et aux aspirations des enfants, des adolescents et des adultes :<\/p>\n\n\n\n<p><\/p>\n<ul class=\"wp-block-list\">\n<li style=\"text-align: justify;\"><strong>Conseil en image<\/strong> :\n<ul class=\"wp-block-list\"><\/ul>\nNous aidons les particuliers et les entreprises \u00e0 d\u00e9velopper une image positive en nous appuyant sur des \u00e9l\u00e9ments scientifiques, philosophiques et sociologiques.<\/li>\n \n<li style=\"text-align: justify;\"><strong>Philosophie pour les enfants et adolescents :<\/strong>\n<ul class=\"wp-block-list\"><\/ul>\nNous aidons les jeunes \u00e0 d\u00e9velopper leurs habilet\u00e9s de pens\u00e9e, leur savoir-\u00eatre et \u00e0 comprendre les concepts philosophiques de mani\u00e8re ludique et engageante.<\/li>\n \n<li style=\"text-align: justify;\"><strong>Philosophie pour adultes :<\/strong>\n<ul class=\"wp-block-list\"><\/ul>\nNous proposons des discussions philosophiques pour adultes dans le cadre associatif ou de l&rsquo;entreprise.<\/li>\n \n<li style=\"text-align: justify;\"><strong>Conf\u00e9rences dans les domaines scientifique et de la mode :<\/strong>\n<ul class=\"wp-block-list\"><\/ul>\nNous proposons des conf\u00e9rences dans le domaine du conseil en image et des sciences, offrant des perspectives novatrices et inspirantes.<\/li>\n<\/ul>\n<p><\/p>\n\n\n\n<ol class=\"wp-block-list\"><\/ol>\n\n\n\n<div style=\"height:20px\" aria-hidden=\"true\" class=\"wp-block-spacer\"><\/div>\n\n\n<p class=\"has-primary-color has-text-color has-link-color\"><strong>Pourquoi choisir Eridan ?<\/strong><\/p>\n<p class=\"has-text-align-left\" style=\"text-align: justify;\">Eridan r\u00e9pond \u00e0 un besoin croissant d&rsquo;\u00e9ducation personnalis\u00e9e, de d\u00e9veloppement personnel et de stimulation cr\u00e9ative. Dans un monde en constante \u00e9volution, nous avons besoin de plus que des connaissances acad\u00e9miques traditionnelles. L&rsquo;inspiration, la confiance en soi et les comp\u00e9tences cr\u00e9atives sont les leviers permettant \u00e0 chacun de naviguer avec succ\u00e8s dans sa vie future. Nos services et nos produits sont con\u00e7us pour :<\/p>\n\n\n<p><\/p>\n<ul class=\"wp-block-list\">\n<li style=\"text-align: justify;\"><strong>Inspiration et \u00c9ducation :<\/strong> Fournir une \u00e9ducation aux concepts philosophiques et aux habilet\u00e9s de pens\u00e9e \u00e0 travers la philosophie.<\/li>\n \n<li style=\"text-align: justify;\"><strong>D\u00e9veloppement Personnel :<\/strong> Aider chacun \u00e0 d\u00e9velopper son potentiel unique et \u00e0 se (re)d\u00e9couvrir \u00e0 travers le conseil en image.<\/li>\n \n<li style=\"text-align: justify;\"><strong>Innovation et Cr\u00e9ativit\u00e9 :<\/strong> Encourager la pens\u00e9e cr\u00e9ative et l\u2019innovation \u00e0 travers des activit\u00e9s vari\u00e9es et enrichissantes.<\/li>\n \n<li style=\"text-align: justify;\"><strong>Soutien et Croissance :<\/strong> Soutenir une croissance harmonieuse et \u00e9quilibr\u00e9e \u00e0 travers l&rsquo;expression de sa pens\u00e9e et de sa personnalit\u00e9.<\/li>\n<\/ul>\n<p><\/p>\n\n\n\n<div style=\"height:20px\" aria-hidden=\"true\" class=\"wp-block-spacer\"><\/div>\n\n\n<p style=\"text-align: center;\">En choisissant Eridan, vous choisissez une voie vers une \u00e9ducation enrichissante, une cr\u00e9ativit\u00e9 \u00e9panouissante et une vie inspir\u00e9e. Rejoignez-nous dans cette aventure vers l\u2019infini des possibles et d\u00e9couvrez comment nous pouvons cr\u00e9er ensemble un avenir brillant et prometteur.<\/p>\n\n\n<div style=\"height:20px\" aria-hidden=\"true\" class=\"wp-block-spacer\"><\/div>\n\n\n<p class=\"has-text-align-center has-text-align-center has-link-color has-primary-color has-text-color\"><strong>Eridan &#8211; Apprendre. Cr\u00e9er. Inspirer.<\/strong><\/p>","protected":false},"excerpt":{"rendered":"<p>Bienvenue chez Eridan Chez Eridan, nous croyons en la puissance de l\u2019\u00e9ducation et de la cr\u00e9ativit\u00e9 pour se d\u00e9velopper et grandir collectivement. Notre mission est d&rsquo;inspirer et d&rsquo;\u00e9duquer, en offrant les outils et les opportunit\u00e9s n\u00e9cessaires pour r\u00e9v\u00e9ler le plein potentiel de chacun. Nous sommes convaincus que chaque individu poss\u00e8de en lui une \u00e9tincelle unique, [&hellip;]<\/p>\n","protected":false},"author":1,"featured_media":0,"parent":0,"menu_order":1,"comment_status":"closed","ping_status":"closed","template":"","meta":{"_monsterinsights_skip_tracking":false,"_monsterinsights_sitenote_active":false,"_monsterinsights_sitenote_note":"","_monsterinsights_sitenote_category":0,"footnotes":""},"class_list":["post-43","page","type-page","status-publish","hentry"],"aioseo_notices":[],"jetpack_sharing_enabled":true,"_links":{"self":[{"href":"https:\/\/eridan.ovh\/index.php\/wp-json\/wp\/v2\/pages\/43","targetHints":{"allow":["GET"]}}],"collection":[{"href":"https:\/\/eridan.ovh\/index.php\/wp-json\/wp\/v2\/pages"}],"about":[{"href":"https:\/\/eridan.ovh\/index.php\/wp-json\/wp\/v2\/types\/page"}],"author":[{"embeddable":true,"href":"https:\/\/eridan.ovh\/index.php\/wp-json\/wp\/v2\/users\/1"}],"replies":[{"embeddable":true,"href":"https:\/\/eridan.ovh\/index.php\/wp-json\/wp\/v2\/comments?post=43"}],"version-history":[{"count":13,"href":"https:\/\/eridan.ovh\/index.php\/wp-json\/wp\/v2\/pages\/43\/revisions"}],"predecessor-version":[{"id":212,"href":"https:\/\/eridan.ovh\/index.php\/wp-json\/wp\/v2\/pages\/43\/revisions\/212"}],"wp:attachment":[{"href":"https:\/\/eridan.ovh\/index.php\/wp-json\/wp\/v2\/media?parent=43"}],"curies":[{"name":"wp","href":"https:\/\/api.w.org\/{rel}","templated":true}]}}